(7 - -36) + 7 + (5 - 0 - (2 - -5)).
48
Evaluate 474 + -284 - 212 - (-1 + 11 + -3 + 1).
-30
What is the value of -6 - (-21 + -2) - (-78 + (18 - 7))?
84
Calculate (19 + -24 + -2 - -90) + 5 + 3.
91
What is the value of -12 + (-35 - 2) + -8 - -17?
-40
Calculate -91 + (-8 - (-14 - 137)).
52
What is the value of 8 - ((-5 + 37 - -7) + -29 + (-35 - -67))?
-34
Calculate (-10 - (35 - 14)) + 43.
12
What is 3 - (-15 + -13) - 63?
-32
(1 - 9 - -5) + -33 + (10 - 2) + 7
-21
Calculate (470 - 469) + (0 - 0) + -5 + (-1 - -5).
0
-1 + 22 - ((28 + -34 - 14) + 42)
-1
What is 6 - -2 - (1451 + -1509)?
66
(3 - 1 - 11) + (16 - 25) + -6
-24
Evaluate -10 + -98 + (-173 - -246).
-35
Calculate -27 - (31 + -38 - (-35 - -81)).
26
Calculate -3 + -6 + (-11 - 5 - -4 - -2).
-19
What is ((5 - -15) + -4 - 30) + (0 - 50)?
-64
What is the value of -6 + ((20 - 5) + 53 - ((11 - -2) + -8))?
57
What is the value of 30 + -21 - (16 + (-5 - -19))?
-21
-2 - (19 - (-19 - -1 - (-6 + -28)))
-5
Evaluate (5 - (10 + -1)) + 5 - (86 - 78).
-7
What is -8 + (15 + -1 + -18 - (18 + (4 - 0)))?
-34
Calculate -103 - (47 + -137) - (2 + 2 + 0).
-17
Calculate 650 + -599 + -1 + 33.
83
Evaluate -4 - (-4 - 3) - 4 - -13 - 1 - 61.
-50
What is -145 - (-46 + -83) - (-73 + (3 - 3))?
57
-22 + -3 + -5 + 35 + -76 + -1
-72
What is 24 + (1 - (-9 + 25 - (6 - 5))) - 75?
-65
Calculate (8 - 29 - -7) + (-5 - -1) - 12.
-30
-26 - ((-24 - (-27 + 17)) + -1)
-11
-12 - -21 - 11 - -90
88
Evaluate (34 - 37) + (70 - 1) - (-13 + 7) - 8.
64
What is 10 - (0 + 5 + (-2 - (-26 - -1) - 10))?
-8
-22 + (-33 + -3 - (-61 - -62))
-59
What is the value of 104 + (2 - (-43 - (-1 + -42)))?
106
Calculate 4 - ((-24 - -72) + -62).
18
29 + (-61 - (-86 - -53))
1
731 + -640 + (-15 - 89)
-13
Calculate -301 - -315 - (21 + 1 + -4) - -2.
-2
Evaluate (9 + -35 - -12) + (2 - -1 - 15).
-26
What is 17 - ((17 - 31) + 9 + -2 + 3)?
21
-15 + -75 + 133 - 144
-101
What is (6 - 0) + (-34 - (-2 - (-6 + 0)))?
-32
What is (5 - -56) + -40 - 20?
1
What is -112 + (-10 + (-6 + -15 - -31) - (2 - -14))?
-128
Calculate 103 - (0 + (-1 - 2) + -3 + (18 - 2)).
93
14 + -43 - (-41 + 9) - (-30 - (-4 - -4))
33
Evaluate 957 + -987 + -4 + -4.
-38
What is 10 - (18 + -38 + 10)?
20
What is the value of 14 - 13 - ((38 - 14) + 3)?
-26
4 + 1 + 2 - ((-18 - -159) + -31)
-103
What is 28 + -3 + (1 + -5 + 14 - (59 - 53))?
29
-40 - -7 - (4 + 8 + 2)
-47
Calculate 45 + (43 - 30 - 21).
37
What is (15 + -5 + 11 - 19) + (-1 - -27)?
28
What is 20 - ((4 - 1) + -4 + (25 - 16) + -14)?
26
Evaluate -120 + 1 + (-26 - -16) + -12 + 22 + 0.
-119
(-7 - 6) + (-27 - -4 - -7 - 2)
-31
What is the value of (-14 - (-3 + 36)) + 28 + -8?
-27
Calculate 5 + 27 + 3 - (2 + 10 - 4 - 0).
27
Calculate 56 + (-161 + 43 - 2).
-64
3 + -6 + 5 - (-1367 + 1379)
-10
-22 - (-73 + 122 - 28)
-43
Calculate 30 + 123 + -157 - -146.
142
Calculate (89 - 0) + (5615 - 5738).
-34
What is -181 + 166 + (1 - 3) + 16?
-1
Calculate 41 - (17 - 9 - (-20 - -15)).
28
What is 46 + (3 - 23) - 48 - 22?
-44
Calculate 5 + (31 - (-15 + -29 + 47)).
33
What is the value of -8 - ((-3 - 1) + (32 + -27 - (18 + -3)))?
6
What is the value of -62 - 25 - -15 - -8?
-64
What is the value of -31 + (-19 - (34 - 164)) - 24?
56
What is -3 - -25 - (10 + (-18 - -20) + -11)?
21
What is the value of 3 - (4 + 9 - (-33 - (-35 - -21)))?
-29
Evaluate (-4 - 20) + 15 + 5 - (-7 + 4 + -9).
8
What is the value of -101 + (-40 - (-158 + 60))?
-43
-8 + (-1 - 36) + 11 + (-30 - -4) + 14
-46
Calculate 115 - (10 + -15 + -2 + 12 + 2).
108
Calculate (3 - 77) + -2 + (-67 - -87).
-56
What is -14 + 130 - 9 - 2?
105
What is the value of -24 + (-58 - (-268 + 118))?
68
92 - 149 - -46 - (-30 - 1)
20
Calculate 10195 + -10058 + (-23 - 1).
113
What is 59 + -86 + 54 + -27?
0
Calculate 616 - 600 - (7 + 1).
8
Calculate (-10 + -6 - (-25 - -11) - (1 - 1)) + 69.
67
What is (0 - -27) + -51 + 22 - -63?
61
Calculate (3 - 4) + 43 + -51 - (19 - (79 + -18)).
33
Evaluate 56 + -55 + (3 + 6 - (9 + 14)) - 11.
-24
Evaluate 198 - 223 - (-5 - 40).
20
((-22 - 13) + 38 - (2 - 1)) + -38
-36
-32 + (2 + 1 + 0 - 7 - (-27 + 31))
-40
(15 - 4) + (16 - 33) - (6 + 0 - 27)
15
What is the value of -77 + -17 + -53 + 117?
-30
19208 - 19418 - (-155 - -1)
-56
What is the value of -1353 - -1337 - (22 + -1)?
-37
What is 6 + -1 - (3 + -13 + (1 - -2) + -33)?
45
(3 - (0 - -2)) + (8175 - 8182)
-6
Evaluate -5 - (-8 + -54 + -4) - (-7 - -6).
62
Calculate 46 + (12 - (6 + -4 - (-4 - (0 + 5)))).
47
Evaluate 21 - (65 + (-16 - -29) - 17).
-40
-5 + -101 - (2196 - 2197)
-105
Calculate (2 - (4 - 10 - -9)) + -39 - (-19 + 14).
-35
Calculate (-6 + 11 - (-5 + 0)) + (-1 - (-5 + 56)).
-42
Calculate -5 - (4 + -2) - (1 + -14 + 0) - -23.
29
What is (94 - 115) + -1 + 43 - 17?
4
(-260 + 204 - (2 - 27)) + 16
-15
Evaluate -11 + -52 + 58 - (-2 - 43).
40
What is the value of 41 + (-90 - -108) + (-3 - 31)?
25
-29 - (-17 + 21 + 17 + 12)
-62
What is 1 + 50 + -8 + (14 + 0 - 18)?
39
Calculate -6 + -6 + (13 + 5 - 18).
-12
What is the value of 7 + -1 + 1 - (49 - (83 - (50 + -57)))?
48
What is 262 + (-30 - (-142 - -224))?
150
What is the value of (-6 + -6 - -20) + 15 + (9 - 26) + -68?
-62
What is (-39 - 6) + 51 - 58?
-52
What is 11 - 20 - ((-6 - (-6 + -7)) + -4)?
-12
Evaluate 30 - 32 - (-82 - -37).
43
Calculate (-8 - (-7 + 12 + -14 + -1 + 2)) + -3.
-3
Evaluate 6 + -52 + (-1 + -4 + 15 - 26).
-62
Evaluate -27 + 15 + (-88 - -1) + (0 - -10).
-89
What is the value of -9 + (1 + 9 + -2 - (-8 + 2 - -12))?
-7
Calculate (65 - 75) + 16 + 80.
86
Calculate -1 + (-94 - -75) + -27.
-47
What is 0 + 10 + (1175 - 1183)?
2
Evaluate 7 + (-2 - 2 - (150 + -133)).
-14
Evaluate (0 - 13 - (17 - (42 - 25))) + 7.
-6
Evaluate (4 - 6) + 11 + (4 - 18).
-5
What is the value of (3 - (-37 + 0)) + (1818 - 1843)?
15
-3 - (21 + (-69 - -16) + 5)
24
(-57 - -9) + (-200 - -237) - (0 - (1 + -36))
-46
Calculate (3 - 37 - (-1 + 1)) + (-24 + -36 - -58).
-36
What is 13 + 0 + -20 + (9 - (-8 + 22))?
-12
73 + -39 - (-9 + 1 + (56 - 48))
34
Calculate (5 - 41) + (204 - 186).
-18
Calculate -17 - -1 - (574 + -686).
96
Evaluate -67 - ((42 - 84) + 67).
-92
Calculate -14 + 21 + -14 + 22 - (4 - 14).
25
What is the value of -40 + 26 + (-14 - -45 - 16)?
1
What is -37 + (13 - 4) + -31 + 37?
-22
Calculate 3 - ((22 - 26) + 48 - -1).
-42
Calculate -33 + (-38 + 28 + 5 - -107).
69
What is 79 + -54 + -27 - -1?
-1
What is the value of 10 - (25 - 10 - -17) - (2 - 3 - -11)?
-32
Evaluate -9 + -3 + 0 - (522 - 475).
-59
What is (77 - 117) + 8 - -87?
55
Calculate (22 - (16 + -13) - 4) + -13.
2
3 - ((-33 - (-16 - 15)) + -8)
13
Evaluate -27 + 27 - (0 + (5 - (8 + 0))) - -63.
66
Evaluate (4 - 15 - -29) + (-7 + 13 - 52).
-28
What is the value of 12 + -58 + 1 + 126?
81
Calculate -47 - (-1 + -5 + (215 - 210)).
-46
Calculate 59 + -70 + 14 + 6.
9
Evaluate -8 + (30 - 87) - 13.
-78
What is the value of (1 - 124) + (5673 - 5632)?
-82
Calculate 55 - (24 + -61) - 85.
7
What is the value of 7 - 44 - (20 - 53 - 4)?
0
Evaluate 18 + 7 - (80 + (-4 - 43)).
-8
Evaluate 16 + (11 - ((8 - -3) + 17 + -26)).
25
Calculate 39 + 29 + -24 + 23 + -24.
43
What is the value of -4 + 0 - (215 - (-70 - -261))?
-28
What is the value of -57 - (2 + (1 - (3 - -4))) - (-104 + 104)?
-53
What is 91 + -2 + (0 - 0) - (-22 + 13 + 17)?
81
(-11 - (0 + -18) - 2) + -1 + -74 + 2
-68
What is the value of (-122 - (71 - 111)) + 78?
-4
What is -46 + -5 + 11 - -39?
-1
What is -3 + 18 + -60 + 61 + 6?
22
What is the value of (-4 - 1) + -5 + 9 - 11 - (-9 - 54)?
51
21 - (-17 - (13 - 18) - (-7 - 8))
18
What is the value of (-18 - 0) + (-3 - 2 - -10) + -10?
-23
What is the value of -65 + 25 + (-12 - (35 + -32 + 9))?
-64
What is 0 + -3 - 8 - ((-20 - (-35 - -22)) + 18)?
-22
What is the value of -5 - -17 - (0 + (13 + -8 - 20))?
27
Calculate -20 + 23 - (53 + (13 - 17)).
-46
170 + -65 + (13 + -37 + -13 - -15)
83
Calculate (-179 - -191) + (13 - (1 - 4)).
28
What is the value of (1 + 6 - (27 + -32 + 3)) + (0 - 25)?
-16
What is the value of (-18 - (18 - 79) - 20 - 17) + 2?
8
Calculate (0 - -5 - 7 - (-1 + -5)) + (-72 - -60).
-8
Calculate -14 - (18 + -42) - 37 - 0.
-27
Evaluate 7 - (3 + 18 + -22 + 4 + 1).
3
Calculate -1 - 81 - ((234 - 25) + -189).
-102
Evaluate 11 + (-21 - (-29 + 4 + -20)).
35
Calculate (415 - 437 - (-19 + 0)) + 50.
47
Evaluate (8 - -6 - (-35 + 59)) + -31 + 1.
-40
What is 19 + (-25 - (28 - -19) - 19)?
-72
-720